)?
6
Evaluate -9 + -1 - (9 - 21).
2
What is 5 + -1 + -5 + 3?
2
Calculate 2 - -1 - (8 + -6).
1
2 + 3 + (-9 - -5)
1
What is 4 + -13 - (-2 + (-4 - -2))?
-5
What is 0 + -6 + 0 - -2?
-4
(-34 - -18) + (2 - -7)
-7
6 - (12 + -1 - 0)
-5
What is the value of -11 + 5 + 0 + 10?
4
2 - (-3 + (5 - -3) + -1)
-2
Evaluate (2 - (-2 - -2)) + -4 + 5.
3
Calculate (4 - -2) + -6 - -2.
2
Evaluate 6 - (0 + -1 - -5 - 0).
2
What is 3 + -12 + 1 + -1?
-9
(39 - 29) + (2 - 12)
0
Evaluate -7 + -3 + 24 + -9.
5
What is (-8 - 0) + 12 + (0 - 7)?
-3
What is the value of 0 + 11 + -6 + -7?
-2
Calculate -8 - -4 - -6 - (0 - -1).
1
What is 2 + (4 - 3) + -4?
-1
What is -10 + -8 + 2 - -10?
-6
What is the value of 10 - (9 + (5 - -4))?
-8
What is the value of 1 + 6 - (2 + -2)?
7
-1 - (-2 - 1) - -2 - 3
1
4 + (0 - (7 + -2))
-1
What is the value of 2 + (-2 - (0 + 1 + 0))?
-1
Calculate 3 - (4 - (6 + -7)).
-2
What is (8 - (15 + -1)) + -1 + 4?
-3
Calculate -8 - (3 + -3) - -1.
-7
-2 + -2 + 15 + -5
6
Calculate 2 + 0 + -11 + 3.
-6
What is 12 + -16 + 3 + 7?
6
(1 - 4) + -2 + (-4 - -14)
5
What is 1 + 1 + -1 + 10 + -20?
-9
What is 0 + -4 + -3 - (-3 - 3)?
-1
Evaluate (1 - 1) + 24 + -23 + 2.
3
Calculate (-4 - -7) + -1 + -1.
1
Calculate -3 + 1 + (-3 - -4).
-1
What is 0 - -1 - (3 + -3 + -1)?
2
Evaluate (-18 - -27) + -9 + 2.
2
What is the value of -7 - (7 + -14 + -5)?
5
What is 0 + (3 - 3 - (-1 + -2))?
3
What is (2 + 9 - 4) + -9 + 5?
3
2 - (-1 - 2 - -1)
4
Calculate 31 + -31 - (3 + -1 + 4).
-6
Evaluate -105 + 108 - (-1 - 0 - -9).
-5
Calculate 6 - (0 - (2 + -3)).
5
What is the value of -2 + -6 + 4 + 4?
0
What is the value of -2 - (5 + -9 + 2 - -2)?
-2
Calculate (7 - (-4 - -6)) + 0.
5
Calculate (-1 - -4) + (2 - 3).
2
What is -1 + -1 - (6 - (2 - -1))?
-5
Evaluate (1 - 0) + (13 - 11) + -5.
-2
Evaluate 6 + -6 + -1 + -14 + 17.
2
What is -2 + 4 + -2 - (9 - 12)?
3
What is the value of (13 - 4) + 2 + 0 + -6?
5
Calculate (6 - (-12 + 8)) + 1.
11
What is the value of (-2 - -1) + -34 + 38?
3
-3 - (1 + (0 - 6))
2
Calculate (-16 + 3 - 1) + -18 + 24.
-8
-14 - (1 + -5) - (-7 - -2)
-5
Evaluate -9 + 5 + -1 - (-8 - 0).
3
What is -7 - (-1 - 1) - (-15 + 13)?
-3
Calculate 0 + -9 + 3 + 4.
-2
Evaluate 2 - 2 - 4 - -6.
2
What is 5 + -31 + 20 + (-1 - -2)?
-5
(2 - (4 - 1)) + (-1 - -3)
1
Evaluate -3 - (5 - (0 - 1)).
-9
What is the value of 12 + -3 - 9 - 3?
-3
Evaluate (-5 - (5 + -6)) + 3.
-1
What is (2 + 2 - 0) + (-1 - 2)?
1
(4 - 14) + 2 + 4 + 3
-1
What is the value of 10 + 2 + -8 - (0 - 0)?
4
What is -96 + 93 - (-5 + 2)?
0
What is 2 - 0 - (29 + -23)?
-4
2 - (-4 + (1 - (3 - 2)))
6
Calculate -7 + (5 - -3) + -4.
-3
What is 4 + (-7 - -8 - 5)?
0
What is the value of 6 + -1 + -2 + 2?
5
Evaluate 10 + (-8 - 0) + -4.
-2
What is the value of 4 - (-2 - 0 - (-3 + -3))?
0
Calculate (28 - 27) + 2 + -1.
2
What is the value of (3 - 2) + -2 - (20 + -26)?
5
What is 4 + -6 + -2 - -6?
2
Calculate (4 - -2) + 17 + -19.
4
Evaluate (7 - 14) + -3 - (8 - 15).
-3
What is 1 + 0 + 0 + 1?
2
Calculate -2 + (-4 - -4) - 3.
-5
What is the value of -14 + 17 - (-1 - 1 - -4)?
1
What is the value of -1 + 2 - (4 - (2 - 0))?
-1
(5 - (-5 + 3)) + -3
4
Calculate (-4 - (-2 + -1)) + 6.
5
What is 1 - (3 - (-7 - -3) - 5)?
-1
What is -1 + (10 - -1) - 3 - 2?
5
Calculate 7 + 4 + -7 - 2.
2
What is the value of (21 + -21 - (3 + 1)) + -1?
-5
What is -8 + (-6 - -3 - -2)?
-9
What is the value of 1 - (-8 + 3) - (0 + 0)?
6
Evaluate -4 - (10 + -20 - -7).
-1
-2 - 1 - (7 - (-7 + 16))
-1
Calculate -6 + (-4 + 0 - -5).
-5
Evaluate (2 - -1) + -9 + 1.
-5
What is the value of (3 - 11) + 21 + -7?
6
What is 2 - -1 - ((0 - -4) + -6)?
5
What is (3 + -1 - 1) + 49 + -51?
-1
Calculate 2 + 19 - 18 - (0 - 5).
8
-1 + -6 + 6 + -1 - -1
-1
What is the value of -4 + -2 - (0 - 2)?
-4
Evaluate 2 - (2 + 1) - (-9 + 16).
-8
(0 - (3 + 5)) + 2 + 4
-2
What is the value of 3 + (0 - (4 - (0 + 4)))?
3
Evaluate -5 + 5 - (2 - -1).
-3
Evaluate 8 + ((-5 - -2) + 4 - 1).
8
What is the value of (1 - (2 - 3)) + 3?
5
Calculate -6 + -5 + 0 - -17.
6
What is 10 + 1 - (65 + -56)?
2
What is -1 - (3 + -1) - (5 - 3)?
-5
What is the value of -1 + 4 + (-1 - (3 + -3))?
2
What is 4 + -3 + -3 - 3?
-5
Evaluate -3 + (-1 - 1) - (0 - 0).
-5
Calculate -1 - (-12 - (8 + -12)).
7
Calculate -6 + 6 + -13 + 3.
-10
What is the value of -8 + -1 + (-10 + 18 - 0)?
-1
Evaluate -6 - (-11 + 3) - 8.
-6
What is (-1 - 5) + 0 + 3 + -2?
-5
-9 + 0 + 5 - (0 - -1)
-5
What is the value of (-1 - -3) + (-1 - -3) + -8?
-4
What is the value of -4 + 2 + (-24 + 12 - -11)?
-3
Evaluate 6 - (-6 - -2 - -8).
2
Evaluate 1 - -6 - (-103 - -115).
-5
What is -5 - -2 - (0 + 0)?
-3
-18 + 19 + (-5 - (-1 - 1))
-2
Evaluate 6 + (13 + -31 - -12).
0
Calculate -1 + 8 + 5 + -22 + 12.
2
Calculate 6 + (-9 - -1) + 1 + 7.
6
Calculate -6 - (7 + -4) - -6.
-3
Evaluate 3 + 4 + (-12 - -10).
5
What is -1 - ((-6 - -2) + 3)?
0
(2 - 4) + (-4 - -2)
-4
-6 - ((1 - -4) + -10)
-1
5 + (1 - (13 - 7))
0
Calculate (5 - 3 - 2) + -6.
-6
What is the value of 0 - -1 - (-56 + 53)?
4
Calculate (5 - 1) + (4 - 4) + 1.
5
What is the value of (-18 - -7) + 9 + 1?
-1
Calculate -14 - -15 - 11 - (-1 - 1).
-8
Evaluate 3 + -2 - (0 + 2 + 3).
-4
What is the value of -4 - (10 - 6) - -9?
1
What is 1 + -5 + 7 - 4?
-1
Evaluate 21 + 0 + -16 - (0 + 6).
-1
What is -1 + -3 + (-7 - -8)?
-3
What is (155 - 157) + (1 - (4 + -1))?
-4
Evaluate 3 - -2 - (4 + (2 - -2)).
-3
Evaluate 2 + -1 + (12 - 6 - 5).
2
(0 - 1) + (6 - -2) - 3
4
What is (1 - 0) + (4 - (0 + 3))?
2
What is (11 - (-7 + 7)) + -7?
4
What is the value of -2 - (-1 - (-2 - -4))?
1
What is -7 + 1 + -6 + 10?
-2
Evaluate (5 - (-1 - (-1 + -2))) + -2.
1
Evaluate (4 - 3 - -2) + -3.
0
Evaluate 21 + -31 - (-6 - 0).
-4
Evaluate (0 - 0) + 3 + -10 + 9.
2
Evaluate (-1 - 0) + (-5 - (-7 - 1)).
2
What is (1 - 4) + -9 + 0 + 15?
3
What is -6 + 4 + (3 - -3)?
4
What is (3 - 0) + (12 - (6 + 7))?
2
What is the value of 8 + -20 + 9 + (-3 - -1)?
-5
Evaluate (9 - 0) + (2 - 1) + -2.
8
Evaluate 1 + -6 - (-12 - -5).
2
(-1 + 2 - (6 + -2)) + 3
0
Evaluate -18 - -21 - (5 - 2).
0
Evaluate -6 + -2 + -10 + 11.
-7
Calculate -4 + (3 - (-1 + 0 + 2)).
-2
7 + 4 + -11 + 9 + -5
4
Calculate (2 + 0 - -5) + -2 + -2.
3
Evaluate -51 - -52 - (1 + 3).
-3
(5 - (-11 - -24)) + 6
-2
Evaluate -12 - (6 + -30) - 15.
-3
What is (11 + -6 - (1 + 1)) + -1?
2
8 + (-13 - 4 - -9)
0
-7 + 6 - (-2 - -6)
-5
Calculate 1 - ((3 - -1) + (4 - 10)).
3
Evaluate -4 + -3 + 4 + 1.
-2
What is -1 + -3 + 2 + (-4 - -5)?
-1
What is the value of 18 + -4 - (9 + -1)?
6
Calculate 0 + 4 + (5 - 5) + 0.
4
Calculate (-7 + 27 - 4) + -11.
5
What is 1 + 0 + (1 - -1)?
3
Calculate -1 - (-2 + 4 + -4).
1
Calculate -3 + (-3 - (2 - 1 - 3)).
-4
Evaluate -1 - (12 + (9 - 12)).
-10
What is the value of 2 - (-6 - -2) - (21 - 20)?
5
What is (6 + 1 - (-1 + 2)) + -5?
1
Calculate (0 - 1) + (7 - (-3 + 7)).
2
Evaluate (5 - (0 + 3)) + 1.
3
Evaluate 0 - (1 - (-6 - -2)).
-5
What is 2 + (-2 + -2 - 1)?
-3
What is the value of -3 + 1 + -5 - -6?
-1
Evaluate 2 - (1 + (0 - 5) + 8).
-2
2 + -4 + 2 + (8 - 6)
2
-2 + -5 + (76 - 68)
1
(-5 - -5) + 1 + 1
2
Calculate 0 - (2 - 4) - (17 + -17).
2
Calculate -4 + 1 - (-10 + 4).
3
Evaluate 2 - (-9 + (23 - 6)).
-6
What is the value of ((0 - -3) + -17 - -7) + 14?
7
What is -5 - (-1 - (4 - 3 - -3))?
0
What is 3 - (12 + (9 - 4) + -11)?
-3
-3 + 15 + 10 + -26
-4
Calculate -6 - -1 - (-19 + (-14 - -22)).
6
Evaluate (5 - -1) + 0 + -4.
2
-2 + 0 + 0 + 5
3
10 - (5 - 12 - -12)
5
What is 3 + -3 + (3 - -4) + -2?
5
What is 6 + -6 + 6 + -8?
-2
What is -3 + 5 + -4 - (13 + -8)?
-7
What is the value of 1 + -5 + (6 - (-8 + 12))?
-2
What is 16 + -7 - (6 + -3)?
6
What is (-1 - -5 - (-14 + 18)) + 3?
3
Calculate -1 - (2 - (-7 - -11)).
1
What is (8 - 0) + -11 - 2?
-5
What is -3 + 1 - (0 + 0)?
-2
Evaluate -3 + 1 + (-10 - -13).
1
Calculate -19 + 12 - (0 + (-1 - 1)).
-5
What is 2 + (4 - (4 + -6)) + -11?
-3
What is the value of (2 - 6 - -3) + 0?
-1
Calculate (-73 - -68) + 0 + -1.
-6
Calculate (7 - (-7 - -6)) + -2 + 2.
8
What is the value of 2 + -6 - (-2 + -7)?
5
Evaluate (-2 - -1) + -11 + (22 - 17).
-7
What is 2 - (0 - (-3 - -6 - 2))?
3
Evaluate 3 + -7 - (4 + -2 - 1).
-5
Evaluate -6 + (1 + -9 - (-13 + 10)).
-11
What is -11 - (0 - 8) - -5?
2
Evaluate -3 + -2 + -1 - -7.
1
2 - (2 + -2 + 6 + -3)
-1
What is the value of -8 + (-2 - 3) + 8?
-5
What is the value of 3 - (7 - (4 - 6)) - -3?
-3
Calculate (-